{"id":138,"date":"2022-06-17T16:23:46","date_gmt":"2022-06-17T16:23:46","guid":{"rendered":"https:\/\/ind-charleroi.be\/?page_id=138"},"modified":"2022-12-29T16:33:24","modified_gmt":"2022-12-29T16:33:24","slug":"contacts-3","status":"publish","type":"page","link":"https:\/\/ind-charleroi.be\/?page_id=138","title":{"rendered":"Contacts"},"content":{"rendered":"\n<p>Pour nous contacter, deux possibilit\u00e9s :<\/p>\n\n\n\n<p>Par t\u00e9l\u00e9phone :<\/p>\n\n\n\n<ul class=\"wp-block-list\">\n<li>071\/20.71.23<\/li>\n<\/ul>\n\n\n\n<p>Par mail&nbsp;:<\/p>\n\n\n\n<ul class=\"wp-block-list\">\n<li><a href=\"mailto:Direction.primaire@ind-charleroi.org\">Direction.primaire@ind-charleroi.org<\/a> <\/li>\n\n\n\n<li><a href=\"mailto:Secretariat.primaire@ind-charleroi.org\">Secretariat.primaire@ind-charleroi.org<\/a>  <\/li>\n<\/ul>\n\n\n\n<p><\/p>\n\n\n\n<p>Voici le plan de notre \u00e9cole dans le quartier : <\/p>\n\n\n\n<figure class=\"wp-block-gallery has-nested-images columns-default is-cropped wp-block-gallery-1 is-layout-flex wp-block-gallery-is-layout-flex\">\n<figure class=\"wp-block-image size-large\"><img fetchpriority=\"high\" decoding=\"async\" width=\"1024\" height=\"724\" data-id=\"5225\" src=\"https:\/\/ind-charleroi.be\/wp-content\/uploads\/2022\/12\/cour-acces-parents_pages-to-jpg-0001-1-1024x724.jpg\" alt=\"\" class=\"wp-image-5225\" srcset=\"https:\/\/ind-charleroi.be\/wp-content\/uploads\/2022\/12\/cour-acces-parents_pages-to-jpg-0001-1-1024x724.jpg 1024w, https:\/\/ind-charleroi.be\/wp-content\/uploads\/2022\/12\/cour-acces-parents_pages-to-jpg-0001-1-300x212.jpg 300w, https:\/\/ind-charleroi.be\/wp-content\/uploads\/2022\/12\/cour-acces-parents_pages-to-jpg-0001-1-768x543.jpg 768w, https:\/\/ind-charleroi.be\/wp-content\/uploads\/2022\/12\/cour-acces-parents_pages-to-jpg-0001-1-1536x1086.jpg 1536w, https:\/\/ind-charleroi.be\/wp-content\/uploads\/2022\/12\/cour-acces-parents_pages-to-jpg-0001-1.jpg 1754w\" sizes=\"(max-width: 1024px) 100vw, 1024px\" \/><\/figure>\n<\/figure>\n\n\n<div class=\"wp-block-image\">\n<figure class=\"aligncenter size-large\"><img decoding=\"async\" width=\"1024\" height=\"630\" src=\"https:\/\/ind-charleroi.be\/wp-content\/uploads\/2022\/12\/rue-charleville-1024x630.png\" alt=\"\" class=\"wp-image-5226\" srcset=\"https:\/\/ind-charleroi.be\/wp-content\/uploads\/2022\/12\/rue-charleville-1024x630.png 1024w, https:\/\/ind-charleroi.be\/wp-content\/uploads\/2022\/12\/rue-charleville-300x185.png 300w, https:\/\/ind-charleroi.be\/wp-content\/uploads\/2022\/12\/rue-charleville-768x473.png 768w, https:\/\/ind-charleroi.be\/wp-content\/uploads\/2022\/12\/rue-charleville.png 1105w\" sizes=\"(max-width: 1024px) 100vw, 1024px\" \/><\/figure>\n<\/div>\n\n\n<p class=\"has-text-align-center\"><strong>Entr\u00e9e principale &#8211; rue Charleville <\/strong><\/p>\n\n\n<div class=\"wp-block-image\">\n<figure class=\"aligncenter size-full\"><img decoding=\"async\" width=\"428\" height=\"342\" src=\"https:\/\/ind-charleroi.be\/wp-content\/uploads\/2022\/12\/rue-de-Marcinelle.png\" alt=\"\" class=\"wp-image-5227\" srcset=\"https:\/\/ind-charleroi.be\/wp-content\/uploads\/2022\/12\/rue-de-Marcinelle.png 428w, https:\/\/ind-charleroi.be\/wp-content\/uploads\/2022\/12\/rue-de-Marcinelle-300x240.png 300w\" sizes=\"(max-width: 428px) 100vw, 428px\" \/><\/figure>\n<\/div>\n\n\n<p class=\"has-text-align-center\">Entr\u00e9e administrative : rencontre avec la direction, le secr\u00e9tariat &#8211; reprise anticip\u00e9e des enfants &#8211; <strong>inscriptions<\/strong><\/p>\n\n\n\n<figure class=\"wp-block-gallery has-nested-images columns-default is-cropped wp-block-gallery-2 is-layout-flex wp-block-gallery-is-layout-flex\">\n<figure class=\"wp-block-image size-large\"><img loading=\"lazy\" decoding=\"async\" width=\"738\" height=\"592\" data-id=\"5231\" src=\"https:\/\/ind-charleroi.be\/wp-content\/uploads\/2022\/12\/rue-ferrer-2.png\" alt=\"\" class=\"wp-image-5231\" srcset=\"https:\/\/ind-charleroi.be\/wp-content\/uploads\/2022\/12\/rue-ferrer-2.png 738w, https:\/\/ind-charleroi.be\/wp-content\/uploads\/2022\/12\/rue-ferrer-2-300x241.png 300w\" sizes=\"(max-width: 738px) 100vw, 738px\" \/><figcaption class=\"wp-element-caption\"><strong>Rue Ferrer<\/strong>                                                            <\/figcaption><\/figure>\n<\/figure>\n\n\n\n<p class=\"has-text-align-center\">Rue Ferrer &#8211; entr\u00e9e 7h-7h30 + retardataires jusque 9h00 + entr\u00e9e du secondaire<\/p>\n\n\n\n<figure class=\"wp-block-gallery has-nested-images columns-default is-cropped wp-block-gallery-3 is-layout-flex wp-block-gallery-is-layout-flex\">\n<figure class=\"wp-block-image size-large\"><img loading=\"lazy\" decoding=\"async\" width=\"368\" height=\"484\" data-id=\"5229\" src=\"https:\/\/ind-charleroi.be\/wp-content\/uploads\/2022\/12\/rue-charleville.jpg\" alt=\"\" class=\"wp-image-5229\" srcset=\"https:\/\/ind-charleroi.be\/wp-content\/uploads\/2022\/12\/rue-charleville.jpg 368w, https:\/\/ind-charleroi.be\/wp-content\/uploads\/2022\/12\/rue-charleville-228x300.jpg 228w\" sizes=\"(max-width: 368px) 100vw, 368px\" \/><figcaption class=\"wp-element-caption\">Rue Charleville 53<\/figcaption><\/figure>\n<\/figure>\n\n\n\n<p class=\"has-text-align-center\">Pour les inscriptions en secondaire &#8211; rencontrer la direction : rendez-vous \u00e0 l&rsquo;accueil de l&rsquo;entr\u00e9e du 53 rue Charleville<\/p>\n","protected":false},"excerpt":{"rendered":"<p>Pour nous contacter, deux possibilit\u00e9s : Par t\u00e9l\u00e9phone : Par mail&nbsp;: Voici le plan de notre \u00e9cole dans le quartier : Entr\u00e9e principale &#8211; rue Charleville Entr\u00e9e administrative : rencontre avec la direction, le secr\u00e9tariat &#8211; reprise anticip\u00e9e des enfants &#8211; inscriptions Rue Ferrer &#8211; entr\u00e9e 7h-7h30 + retardataires jusque 9h00 + entr\u00e9e du secondaire Pour les inscriptions en secondaire &#8211; rencontrer la direction : [&hellip;]<\/p>\n","protected":false},"author":1,"featured_media":0,"parent":0,"menu_order":0,"comment_status":"closed","ping_status":"closed","template":"","meta":{"footnotes":""},"class_list":["post-138","page","type-page","status-publish","hentry"],"yoast_head":"<!-- This site is optimized with the Yoast SEO plugin v27.4 - https:\/\/yoast.com\/product\/yoast-seo-wordpress\/ -->\n<title>Contacts - Institut Notre-Dame<\/title>\n<meta name=\"robots\" content=\"index, follow, max-snippet:-1, max-image-preview:large, max-video-preview:-1\" \/>\n<link rel=\"canonical\" href=\"https:\/\/ind-charleroi.be\/?page_id=138\" \/>\n<meta property=\"og:locale\" content=\"fr_FR\" \/>\n<meta property=\"og:type\" content=\"article\" \/>\n<meta property=\"og:title\" content=\"Contacts - Institut Notre-Dame\" \/>\n<meta property=\"og:description\" content=\"Pour nous contacter, deux possibilit\u00e9s : Par t\u00e9l\u00e9phone : Par mail&nbsp;: Voici le plan de notre \u00e9cole dans le quartier : Entr\u00e9e principale &#8211; rue Charleville Entr\u00e9e administrative : rencontre avec la direction, le secr\u00e9tariat &#8211; reprise anticip\u00e9e des enfants &#8211; inscriptions Rue Ferrer &#8211; entr\u00e9e 7h-7h30 + retardataires jusque 9h00 + entr\u00e9e du secondaire Pour les inscriptions en secondaire &#8211; rencontrer la direction : [&hellip;]\" \/>\n<meta property=\"og:url\" content=\"https:\/\/ind-charleroi.be\/?page_id=138\" \/>\n<meta property=\"og:site_name\" content=\"Institut Notre-Dame\" \/>\n<meta property=\"article:modified_time\" content=\"2022-12-29T16:33:24+00:00\" \/>\n<meta property=\"og:image\" content=\"https:\/\/ind-charleroi.be\/wp-content\/uploads\/2022\/12\/cour-acces-parents_pages-to-jpg-0001-1-1024x724.jpg\" \/>\n<meta name=\"twitter:card\" content=\"summary_large_image\" \/>\n<meta name=\"twitter:label1\" content=\"Dur\u00e9e de lecture estim\u00e9e\" \/>\n\t<meta name=\"twitter:data1\" content=\"2 minutes\" \/>\n<script type=\"application\/ld+json\" class=\"yoast-schema-graph\">{\"@context\":\"https:\\\/\\\/schema.org\",\"@graph\":[{\"@type\":\"WebPage\",\"@id\":\"https:\\\/\\\/ind-charleroi.be\\\/?page_id=138\",\"url\":\"https:\\\/\\\/ind-charleroi.be\\\/?page_id=138\",\"name\":\"Contacts - Institut Notre-Dame\",\"isPartOf\":{\"@id\":\"https:\\\/\\\/ind-charleroi.be\\\/#website\"},\"primaryImageOfPage\":{\"@id\":\"https:\\\/\\\/ind-charleroi.be\\\/?page_id=138#primaryimage\"},\"image\":{\"@id\":\"https:\\\/\\\/ind-charleroi.be\\\/?page_id=138#primaryimage\"},\"thumbnailUrl\":\"https:\\\/\\\/ind-charleroi.be\\\/wp-content\\\/uploads\\\/2022\\\/12\\\/cour-acces-parents_pages-to-jpg-0001-1-1024x724.jpg\",\"datePublished\":\"2022-06-17T16:23:46+00:00\",\"dateModified\":\"2022-12-29T16:33:24+00:00\",\"breadcrumb\":{\"@id\":\"https:\\\/\\\/ind-charleroi.be\\\/?page_id=138#breadcrumb\"},\"inLanguage\":\"fr-FR\",\"potentialAction\":[{\"@type\":\"ReadAction\",\"target\":[\"https:\\\/\\\/ind-charleroi.be\\\/?page_id=138\"]}]},{\"@type\":\"ImageObject\",\"inLanguage\":\"fr-FR\",\"@id\":\"https:\\\/\\\/ind-charleroi.be\\\/?page_id=138#primaryimage\",\"url\":\"https:\\\/\\\/ind-charleroi.be\\\/wp-content\\\/uploads\\\/2022\\\/12\\\/cour-acces-parents_pages-to-jpg-0001-1.jpg\",\"contentUrl\":\"https:\\\/\\\/ind-charleroi.be\\\/wp-content\\\/uploads\\\/2022\\\/12\\\/cour-acces-parents_pages-to-jpg-0001-1.jpg\",\"width\":1754,\"height\":1240},{\"@type\":\"BreadcrumbList\",\"@id\":\"https:\\\/\\\/ind-charleroi.be\\\/?page_id=138#breadcrumb\",\"itemListElement\":[{\"@type\":\"ListItem\",\"position\":1,\"name\":\"Accueil\",\"item\":\"https:\\\/\\\/ind-charleroi.be\\\/\"},{\"@type\":\"ListItem\",\"position\":2,\"name\":\"Contacts\"}]},{\"@type\":\"WebSite\",\"@id\":\"https:\\\/\\\/ind-charleroi.be\\\/#website\",\"url\":\"https:\\\/\\\/ind-charleroi.be\\\/\",\"name\":\"Institut Notre-Dame\",\"description\":\"Aujourd&#039;hui pour demain\",\"publisher\":{\"@id\":\"https:\\\/\\\/ind-charleroi.be\\\/#organization\"},\"potentialAction\":[{\"@type\":\"SearchAction\",\"target\":{\"@type\":\"EntryPoint\",\"urlTemplate\":\"https:\\\/\\\/ind-charleroi.be\\\/?s={search_term_string}\"},\"query-input\":{\"@type\":\"PropertyValueSpecification\",\"valueRequired\":true,\"valueName\":\"search_term_string\"}}],\"inLanguage\":\"fr-FR\"},{\"@type\":\"Organization\",\"@id\":\"https:\\\/\\\/ind-charleroi.be\\\/#organization\",\"name\":\"Institut Notre-Dame\",\"url\":\"https:\\\/\\\/ind-charleroi.be\\\/\",\"logo\":{\"@type\":\"ImageObject\",\"inLanguage\":\"fr-FR\",\"@id\":\"https:\\\/\\\/ind-charleroi.be\\\/#\\\/schema\\\/logo\\\/image\\\/\",\"url\":\"https:\\\/\\\/ind-charleroi.be\\\/wp-content\\\/uploads\\\/2022\\\/12\\\/cropped-logo-ind2022.jpg\",\"contentUrl\":\"https:\\\/\\\/ind-charleroi.be\\\/wp-content\\\/uploads\\\/2022\\\/12\\\/cropped-logo-ind2022.jpg\",\"width\":1205,\"height\":505,\"caption\":\"Institut Notre-Dame\"},\"image\":{\"@id\":\"https:\\\/\\\/ind-charleroi.be\\\/#\\\/schema\\\/logo\\\/image\\\/\"}}]}<\/script>\n<!-- \/ Yoast SEO plugin. -->","yoast_head_json":{"title":"Contacts - Institut Notre-Dame","robots":{"index":"index","follow":"follow","max-snippet":"max-snippet:-1","max-image-preview":"max-image-preview:large","max-video-preview":"max-video-preview:-1"},"canonical":"https:\/\/ind-charleroi.be\/?page_id=138","og_locale":"fr_FR","og_type":"article","og_title":"Contacts - Institut Notre-Dame","og_description":"Pour nous contacter, deux possibilit\u00e9s : Par t\u00e9l\u00e9phone : Par mail&nbsp;: Voici le plan de notre \u00e9cole dans le quartier : Entr\u00e9e principale &#8211; rue Charleville Entr\u00e9e administrative : rencontre avec la direction, le secr\u00e9tariat &#8211; reprise anticip\u00e9e des enfants &#8211; inscriptions Rue Ferrer &#8211; entr\u00e9e 7h-7h30 + retardataires jusque 9h00 + entr\u00e9e du secondaire Pour les inscriptions en secondaire &#8211; rencontrer la direction : [&hellip;]","og_url":"https:\/\/ind-charleroi.be\/?page_id=138","og_site_name":"Institut Notre-Dame","article_modified_time":"2022-12-29T16:33:24+00:00","og_image":[{"url":"https:\/\/ind-charleroi.be\/wp-content\/uploads\/2022\/12\/cour-acces-parents_pages-to-jpg-0001-1-1024x724.jpg","type":"","width":"","height":""}],"twitter_card":"summary_large_image","twitter_misc":{"Dur\u00e9e de lecture estim\u00e9e":"2 minutes"},"schema":{"@context":"https:\/\/schema.org","@graph":[{"@type":"WebPage","@id":"https:\/\/ind-charleroi.be\/?page_id=138","url":"https:\/\/ind-charleroi.be\/?page_id=138","name":"Contacts - Institut Notre-Dame","isPartOf":{"@id":"https:\/\/ind-charleroi.be\/#website"},"primaryImageOfPage":{"@id":"https:\/\/ind-charleroi.be\/?page_id=138#primaryimage"},"image":{"@id":"https:\/\/ind-charleroi.be\/?page_id=138#primaryimage"},"thumbnailUrl":"https:\/\/ind-charleroi.be\/wp-content\/uploads\/2022\/12\/cour-acces-parents_pages-to-jpg-0001-1-1024x724.jpg","datePublished":"2022-06-17T16:23:46+00:00","dateModified":"2022-12-29T16:33:24+00:00","breadcrumb":{"@id":"https:\/\/ind-charleroi.be\/?page_id=138#breadcrumb"},"inLanguage":"fr-FR","potentialAction":[{"@type":"ReadAction","target":["https:\/\/ind-charleroi.be\/?page_id=138"]}]},{"@type":"ImageObject","inLanguage":"fr-FR","@id":"https:\/\/ind-charleroi.be\/?page_id=138#primaryimage","url":"https:\/\/ind-charleroi.be\/wp-content\/uploads\/2022\/12\/cour-acces-parents_pages-to-jpg-0001-1.jpg","contentUrl":"https:\/\/ind-charleroi.be\/wp-content\/uploads\/2022\/12\/cour-acces-parents_pages-to-jpg-0001-1.jpg","width":1754,"height":1240},{"@type":"BreadcrumbList","@id":"https:\/\/ind-charleroi.be\/?page_id=138#breadcrumb","itemListElement":[{"@type":"ListItem","position":1,"name":"Accueil","item":"https:\/\/ind-charleroi.be\/"},{"@type":"ListItem","position":2,"name":"Contacts"}]},{"@type":"WebSite","@id":"https:\/\/ind-charleroi.be\/#website","url":"https:\/\/ind-charleroi.be\/","name":"Institut Notre-Dame","description":"Aujourd&#039;hui pour demain","publisher":{"@id":"https:\/\/ind-charleroi.be\/#organization"},"potentialAction":[{"@type":"SearchAction","target":{"@type":"EntryPoint","urlTemplate":"https:\/\/ind-charleroi.be\/?s={search_term_string}"},"query-input":{"@type":"PropertyValueSpecification","valueRequired":true,"valueName":"search_term_string"}}],"inLanguage":"fr-FR"},{"@type":"Organization","@id":"https:\/\/ind-charleroi.be\/#organization","name":"Institut Notre-Dame","url":"https:\/\/ind-charleroi.be\/","logo":{"@type":"ImageObject","inLanguage":"fr-FR","@id":"https:\/\/ind-charleroi.be\/#\/schema\/logo\/image\/","url":"https:\/\/ind-charleroi.be\/wp-content\/uploads\/2022\/12\/cropped-logo-ind2022.jpg","contentUrl":"https:\/\/ind-charleroi.be\/wp-content\/uploads\/2022\/12\/cropped-logo-ind2022.jpg","width":1205,"height":505,"caption":"Institut Notre-Dame"},"image":{"@id":"https:\/\/ind-charleroi.be\/#\/schema\/logo\/image\/"}}]}},"jetpack_sharing_enabled":true,"_links":{"self":[{"href":"https:\/\/ind-charleroi.be\/index.php?rest_route=\/wp\/v2\/pages\/138","targetHints":{"allow":["GET"]}}],"collection":[{"href":"https:\/\/ind-charleroi.be\/index.php?rest_route=\/wp\/v2\/pages"}],"about":[{"href":"https:\/\/ind-charleroi.be\/index.php?rest_route=\/wp\/v2\/types\/page"}],"author":[{"embeddable":true,"href":"https:\/\/ind-charleroi.be\/index.php?rest_route=\/wp\/v2\/users\/1"}],"replies":[{"embeddable":true,"href":"https:\/\/ind-charleroi.be\/index.php?rest_route=%2Fwp%2Fv2%2Fcomments&post=138"}],"version-history":[{"count":7,"href":"https:\/\/ind-charleroi.be\/index.php?rest_route=\/wp\/v2\/pages\/138\/revisions"}],"predecessor-version":[{"id":5337,"href":"https:\/\/ind-charleroi.be\/index.php?rest_route=\/wp\/v2\/pages\/138\/revisions\/5337"}],"wp:attachment":[{"href":"https:\/\/ind-charleroi.be\/index.php?rest_route=%2Fwp%2Fv2%2Fmedia&parent=138"}],"curies":[{"name":"wp","href":"https:\/\/api.w.org\/{rel}","templated":true}]}}