{"id":157,"date":"2022-06-17T16:29:44","date_gmt":"2022-06-17T16:29:44","guid":{"rendered":"https:\/\/ind-charleroi.be\/?page_id=157"},"modified":"2022-12-28T16:48:14","modified_gmt":"2022-12-28T16:48:14","slug":"luniforme-2","status":"publish","type":"page","link":"https:\/\/ind-charleroi.be\/?page_id=157","title":{"rendered":"L&rsquo;uniforme"},"content":{"rendered":"\n<p>Dans notre \u00e9cole l\u2019uniforme est exig\u00e9 tous les jours de classe.&nbsp;Cette exigence est dict\u00e9e principalement pour des raisons \u00e9ducatives :<\/p>\n\n\n\n<ul class=\"wp-block-list\">\n<li><strong>\u00e9viter que les enfants ne ressentent entre eux des diff\u00e9rences sociales ;<\/strong><\/li>\n\n\n\n<li><strong>\u00e9viter des d\u00e9penses fr\u00e9quentes pour suivre une mode vestimentaire aussi&nbsp;changeante que co\u00fbteuse.<\/strong><\/li>\n<\/ul>\n\n\n\n<p>Voici en quoi il consiste :<\/p>\n\n\n\n<p>Aucun signe distinctif philosophique ou religieux ne sera accept\u00e9.<\/p>\n\n\n\n<p><strong>Pour les filles :<\/strong><\/p>\n\n\n\n<ul class=\"wp-block-list\">\n<li>pull, sweat-shirt ou gilet bleu marine ou blanc uni&nbsp;;<\/li>\n\n\n\n<li>jupe, robe de longueur classique ou pantalon bleu marine ou blanc uni ;<\/li>\n\n\n\n<li>le jeans bleu classique est tol\u00e9r\u00e9 ;<\/li>\n\n\n\n<li>chemisier, T-shirt ou polo de tennis blanc ou bleu marine uni&nbsp;;<\/li>\n\n\n\n<li>chaussettes obligatoires dans les tons de l\u2019uniforme ;<\/li>\n\n\n\n<li>chaussures classiques ou baskets sans extravagance ;<\/li>\n\n\n\n<li>bas collants bleus ou blancs unis.<\/li>\n<\/ul>\n\n\n\n<p>Pas de \u00abtop\u00bb&nbsp;\u2013 Pas d\u2019\u00e9paules nues&nbsp;\u2013&nbsp;Pas de semelles compens\u00e9es ni de tongs&nbsp;&nbsp;\u2013&nbsp;Pas de cheveux color\u00e9s ni de coupes excentriques&nbsp;\u2013&nbsp;Pas de maquillage ni de vernis \u00e0 ongles<strong><\/strong><\/p>\n\n\n\n<p><strong>Pour les gar\u00e7ons :<\/strong><\/p>\n\n\n\n<ul class=\"wp-block-list\">\n<li>pull, sweat-shirt ou gilet bleu marine ou blanc uni&nbsp;;<\/li>\n\n\n\n<li>uniquement pantalon ou bermuda bleu marine ou blanc uni ;<\/li>\n\n\n\n<li>le jeans bleu classique est tol\u00e9r\u00e9 ;<\/li>\n\n\n\n<li>chemise, T-shirt ou polo de tennis blanc ou bleu marine uni&nbsp;;<\/li>\n\n\n\n<li>chaussures classiques ou baskets sans extravagance ;<\/li>\n\n\n\n<li>chaussettes obligatoires dans les tons de l\u2019uniforme<\/li>\n<\/ul>\n\n\n\n<p>Pas de boucles d\u2019oreilles \u2013 Pas de cheveux color\u00e9s ni de coupes excentriques<strong><\/strong><\/p>\n\n\n\n<p><em>Le respect de notre uniforme, loin d\u2019\u00eatre une contrainte, doit pour chacun de nous renforcer le <strong>sentiment d\u2019unit\u00e9, d\u2019appartenance \u00e0 notre \u00e9cole<\/strong>.<\/em><em><\/em><\/p>\n\n\n\n<p><em><br>Les tee-shirts de gymnastique, polos et sweat-shirts au nom de l\u2019\u00e9cole sont en vente via le secr\u00e9tariat lors de l\u2019inscription ou lorsqu\u2019il faut renouveler l\u2019\u00e9quipement mais ceux-ci ne sont pas obligatoires.<\/em><em><\/em><\/p>\n\n\n\n<p><em><br>Les bonnets de bain et de l\u2019\u00e9cole sont obligatoires (pour une question de s\u00e9curit\u00e9 lors des cours).<\/em><em><\/em><\/p>\n","protected":false},"excerpt":{"rendered":"<p>Dans notre \u00e9cole l\u2019uniforme est exig\u00e9 tous les jours de classe.&nbsp;Cette exigence est dict\u00e9e principalement pour des raisons \u00e9ducatives : Voici en quoi il consiste : Aucun signe distinctif philosophique ou religieux ne sera accept\u00e9. Pour les filles : Pas de \u00abtop\u00bb&nbsp;\u2013 Pas d\u2019\u00e9paules nues&nbsp;\u2013&nbsp;Pas de semelles compens\u00e9es ni de tongs&nbsp;&nbsp;\u2013&nbsp;Pas de cheveux color\u00e9s ni de coupes excentriques&nbsp;\u2013&nbsp;Pas de maquillage ni de vernis \u00e0 ongles [&hellip;]<\/p>\n","protected":false},"author":1,"featured_media":0,"parent":0,"menu_order":0,"comment_status":"closed","ping_status":"closed","template":"","meta":{"footnotes":""},"class_list":["post-157","page","type-page","status-publish","hentry"],"yoast_head":"<!-- This site is optimized with the Yoast SEO plugin v27.4 - https:\/\/yoast.com\/product\/yoast-seo-wordpress\/ -->\n<title>L&#039;uniforme - Institut Notre-Dame<\/title>\n<meta name=\"robots\" content=\"index, follow, max-snippet:-1, max-image-preview:large, max-video-preview:-1\" \/>\n<link rel=\"canonical\" href=\"https:\/\/ind-charleroi.be\/?page_id=157\" \/>\n<meta property=\"og:locale\" content=\"fr_FR\" \/>\n<meta property=\"og:type\" content=\"article\" \/>\n<meta property=\"og:title\" content=\"L&#039;uniforme - Institut Notre-Dame\" \/>\n<meta property=\"og:description\" content=\"Dans notre \u00e9cole l\u2019uniforme est exig\u00e9 tous les jours de classe.&nbsp;Cette exigence est dict\u00e9e principalement pour des raisons \u00e9ducatives : Voici en quoi il consiste : Aucun signe distinctif philosophique ou religieux ne sera accept\u00e9. Pour les filles : Pas de \u00abtop\u00bb&nbsp;\u2013 Pas d\u2019\u00e9paules nues&nbsp;\u2013&nbsp;Pas de semelles compens\u00e9es ni de tongs&nbsp;&nbsp;\u2013&nbsp;Pas de cheveux color\u00e9s ni de coupes excentriques&nbsp;\u2013&nbsp;Pas de maquillage ni de vernis \u00e0 ongles [&hellip;]\" \/>\n<meta property=\"og:url\" content=\"https:\/\/ind-charleroi.be\/?page_id=157\" \/>\n<meta property=\"og:site_name\" content=\"Institut Notre-Dame\" \/>\n<meta property=\"article:modified_time\" content=\"2022-12-28T16:48:14+00:00\" \/>\n<meta name=\"twitter:card\" content=\"summary_large_image\" \/>\n<meta name=\"twitter:label1\" content=\"Dur\u00e9e de lecture estim\u00e9e\" \/>\n\t<meta name=\"twitter:data1\" content=\"2 minutes\" \/>\n<script type=\"application\/ld+json\" class=\"yoast-schema-graph\">{\"@context\":\"https:\\\/\\\/schema.org\",\"@graph\":[{\"@type\":\"WebPage\",\"@id\":\"https:\\\/\\\/ind-charleroi.be\\\/?page_id=157\",\"url\":\"https:\\\/\\\/ind-charleroi.be\\\/?page_id=157\",\"name\":\"L'uniforme - Institut Notre-Dame\",\"isPartOf\":{\"@id\":\"https:\\\/\\\/ind-charleroi.be\\\/#website\"},\"datePublished\":\"2022-06-17T16:29:44+00:00\",\"dateModified\":\"2022-12-28T16:48:14+00:00\",\"breadcrumb\":{\"@id\":\"https:\\\/\\\/ind-charleroi.be\\\/?page_id=157#breadcrumb\"},\"inLanguage\":\"fr-FR\",\"potentialAction\":[{\"@type\":\"ReadAction\",\"target\":[\"https:\\\/\\\/ind-charleroi.be\\\/?page_id=157\"]}]},{\"@type\":\"BreadcrumbList\",\"@id\":\"https:\\\/\\\/ind-charleroi.be\\\/?page_id=157#breadcrumb\",\"itemListElement\":[{\"@type\":\"ListItem\",\"position\":1,\"name\":\"Accueil\",\"item\":\"https:\\\/\\\/ind-charleroi.be\\\/\"},{\"@type\":\"ListItem\",\"position\":2,\"name\":\"L&rsquo;uniforme\"}]},{\"@type\":\"WebSite\",\"@id\":\"https:\\\/\\\/ind-charleroi.be\\\/#website\",\"url\":\"https:\\\/\\\/ind-charleroi.be\\\/\",\"name\":\"Institut Notre-Dame\",\"description\":\"Aujourd&#039;hui pour demain\",\"publisher\":{\"@id\":\"https:\\\/\\\/ind-charleroi.be\\\/#organization\"},\"potentialAction\":[{\"@type\":\"SearchAction\",\"target\":{\"@type\":\"EntryPoint\",\"urlTemplate\":\"https:\\\/\\\/ind-charleroi.be\\\/?s={search_term_string}\"},\"query-input\":{\"@type\":\"PropertyValueSpecification\",\"valueRequired\":true,\"valueName\":\"search_term_string\"}}],\"inLanguage\":\"fr-FR\"},{\"@type\":\"Organization\",\"@id\":\"https:\\\/\\\/ind-charleroi.be\\\/#organization\",\"name\":\"Institut Notre-Dame\",\"url\":\"https:\\\/\\\/ind-charleroi.be\\\/\",\"logo\":{\"@type\":\"ImageObject\",\"inLanguage\":\"fr-FR\",\"@id\":\"https:\\\/\\\/ind-charleroi.be\\\/#\\\/schema\\\/logo\\\/image\\\/\",\"url\":\"https:\\\/\\\/ind-charleroi.be\\\/wp-content\\\/uploads\\\/2022\\\/12\\\/cropped-logo-ind2022.jpg\",\"contentUrl\":\"https:\\\/\\\/ind-charleroi.be\\\/wp-content\\\/uploads\\\/2022\\\/12\\\/cropped-logo-ind2022.jpg\",\"width\":1205,\"height\":505,\"caption\":\"Institut Notre-Dame\"},\"image\":{\"@id\":\"https:\\\/\\\/ind-charleroi.be\\\/#\\\/schema\\\/logo\\\/image\\\/\"}}]}<\/script>\n<!-- \/ Yoast SEO plugin. -->","yoast_head_json":{"title":"L'uniforme - Institut Notre-Dame","robots":{"index":"index","follow":"follow","max-snippet":"max-snippet:-1","max-image-preview":"max-image-preview:large","max-video-preview":"max-video-preview:-1"},"canonical":"https:\/\/ind-charleroi.be\/?page_id=157","og_locale":"fr_FR","og_type":"article","og_title":"L'uniforme - Institut Notre-Dame","og_description":"Dans notre \u00e9cole l\u2019uniforme est exig\u00e9 tous les jours de classe.&nbsp;Cette exigence est dict\u00e9e principalement pour des raisons \u00e9ducatives : Voici en quoi il consiste : Aucun signe distinctif philosophique ou religieux ne sera accept\u00e9. Pour les filles : Pas de \u00abtop\u00bb&nbsp;\u2013 Pas d\u2019\u00e9paules nues&nbsp;\u2013&nbsp;Pas de semelles compens\u00e9es ni de tongs&nbsp;&nbsp;\u2013&nbsp;Pas de cheveux color\u00e9s ni de coupes excentriques&nbsp;\u2013&nbsp;Pas de maquillage ni de vernis \u00e0 ongles [&hellip;]","og_url":"https:\/\/ind-charleroi.be\/?page_id=157","og_site_name":"Institut Notre-Dame","article_modified_time":"2022-12-28T16:48:14+00:00","twitter_card":"summary_large_image","twitter_misc":{"Dur\u00e9e de lecture estim\u00e9e":"2 minutes"},"schema":{"@context":"https:\/\/schema.org","@graph":[{"@type":"WebPage","@id":"https:\/\/ind-charleroi.be\/?page_id=157","url":"https:\/\/ind-charleroi.be\/?page_id=157","name":"L'uniforme - Institut Notre-Dame","isPartOf":{"@id":"https:\/\/ind-charleroi.be\/#website"},"datePublished":"2022-06-17T16:29:44+00:00","dateModified":"2022-12-28T16:48:14+00:00","breadcrumb":{"@id":"https:\/\/ind-charleroi.be\/?page_id=157#breadcrumb"},"inLanguage":"fr-FR","potentialAction":[{"@type":"ReadAction","target":["https:\/\/ind-charleroi.be\/?page_id=157"]}]},{"@type":"BreadcrumbList","@id":"https:\/\/ind-charleroi.be\/?page_id=157#breadcrumb","itemListElement":[{"@type":"ListItem","position":1,"name":"Accueil","item":"https:\/\/ind-charleroi.be\/"},{"@type":"ListItem","position":2,"name":"L&rsquo;uniforme"}]},{"@type":"WebSite","@id":"https:\/\/ind-charleroi.be\/#website","url":"https:\/\/ind-charleroi.be\/","name":"Institut Notre-Dame","description":"Aujourd&#039;hui pour demain","publisher":{"@id":"https:\/\/ind-charleroi.be\/#organization"},"potentialAction":[{"@type":"SearchAction","target":{"@type":"EntryPoint","urlTemplate":"https:\/\/ind-charleroi.be\/?s={search_term_string}"},"query-input":{"@type":"PropertyValueSpecification","valueRequired":true,"valueName":"search_term_string"}}],"inLanguage":"fr-FR"},{"@type":"Organization","@id":"https:\/\/ind-charleroi.be\/#organization","name":"Institut Notre-Dame","url":"https:\/\/ind-charleroi.be\/","logo":{"@type":"ImageObject","inLanguage":"fr-FR","@id":"https:\/\/ind-charleroi.be\/#\/schema\/logo\/image\/","url":"https:\/\/ind-charleroi.be\/wp-content\/uploads\/2022\/12\/cropped-logo-ind2022.jpg","contentUrl":"https:\/\/ind-charleroi.be\/wp-content\/uploads\/2022\/12\/cropped-logo-ind2022.jpg","width":1205,"height":505,"caption":"Institut Notre-Dame"},"image":{"@id":"https:\/\/ind-charleroi.be\/#\/schema\/logo\/image\/"}}]}},"jetpack_sharing_enabled":true,"_links":{"self":[{"href":"https:\/\/ind-charleroi.be\/index.php?rest_route=\/wp\/v2\/pages\/157","targetHints":{"allow":["GET"]}}],"collection":[{"href":"https:\/\/ind-charleroi.be\/index.php?rest_route=\/wp\/v2\/pages"}],"about":[{"href":"https:\/\/ind-charleroi.be\/index.php?rest_route=\/wp\/v2\/types\/page"}],"author":[{"embeddable":true,"href":"https:\/\/ind-charleroi.be\/index.php?rest_route=\/wp\/v2\/users\/1"}],"replies":[{"embeddable":true,"href":"https:\/\/ind-charleroi.be\/index.php?rest_route=%2Fwp%2Fv2%2Fcomments&post=157"}],"version-history":[{"count":2,"href":"https:\/\/ind-charleroi.be\/index.php?rest_route=\/wp\/v2\/pages\/157\/revisions"}],"predecessor-version":[{"id":5300,"href":"https:\/\/ind-charleroi.be\/index.php?rest_route=\/wp\/v2\/pages\/157\/revisions\/5300"}],"wp:attachment":[{"href":"https:\/\/ind-charleroi.be\/index.php?rest_route=%2Fwp%2Fv2%2Fmedia&parent=157"}],"curies":[{"name":"wp","href":"https:\/\/api.w.org\/{rel}","templated":true}]}}